(f) = -f - 2. Give l(r).
-4
Let k(g) = g**2 - 5*g + 6. Let z be k(3). Let v(b) = -13*b**2 + 50*b**3 + z*b + 8 + 4*b**2 - 8*b - 51*b**3. Give v(-8).
8
Let u(a) = -6*a**2 + 9*a - 6. Let t(c) = -7*c**2 + 10*c - 7. Let d(v) = 5*t(v) - 6*u(v). Suppose -12*y - 9*y = -63. What is d(y)?
-2
Let a(v) = v**3 + v + 1. Let m(t) = 4*t**3 - 3*t**2 + 26*t - 5. Let c(p) = 5*a(p) - m(p). Calculate c(3).
1
Let h(q) be the first derivative of -q**4/4 - 3*q**3 + 13*q**2/2 + 3*q + 1372. What is h(-11)?
102
Let n(d) be the first derivative of -d**4/4 + d**3 - 3*d**2 + 12*d + 1175. Give n(4).
-28
Let w(c) = c - 8. Suppose d - 8 = 8. Let y(f) = -f - 42. Let g be y(d). Let a = g - -66. Give w(a).
0
Let q = 15392 + -15392. Let c(k) = -k**2 + k - 3. Determine c(q).
-3
Let o(l) = l - 1. Let i(c) = 4. Let m(t) = -i(t) - 2*o(t). Let j(b) = 5*b**2 + 18*b + 10. Let n be j(-1). Give m(n).
4
Let a(d) be the first derivative of d**3/3 - 7*d**2/2 + d - 1. Let n(l) = l - 14*l - 5*l + 7*l - l**2 - 18. Let g be n(-8). Give a(g).
-5
Let t(i) = i - 4 - 5*i**3 + 2718*i**2 - 2718*i**2. Suppose 0*y + 20 = -4*y. Let g(j) = 9*j**3 - j**2 - 3*j + 7. Let l(u) = y*t(u) - 3*g(u). Determine l(3).
-16
Let d(b) = 36 - 17 - 17 + 5*b**2. Let q = 78 + -74. Suppose -q = 3*p + 2. Give d(p).
22
Let a(y) = -8*y**3 + 22*y**2 + 69*y + 12. Let v(l) = 3*l**3 - 11*l**2 - 31*l - 5. Let z(x) = 2*a(x) + 5*v(x). Give z(-9).
-10
Suppose -3*p + 1 = 4*v - 20, -2*p = -2*v. Let h(b) = 17*b**3 + b**2 - 1 - 67*b**v + 25*b**3 + 29*b**3. Let r(j) = j + 6. Let x be r(-7). Give h(x).
-4
Let x(u) = u**2 + 36*u - 80. Let l be (8/40)/((-3)/570). What is x(l)?
-4
Let l(i) = i**2 - 3*i - 2. Let v(c) = 5*c**2 - 6*c + 5. Let q be v(1). Suppose -317 = q*u - 333. Determine l(u).
2
Let g(h) = 12*h**2 + 2*h**2 - 7*h**2 + 0*h**2 - h - 4*h. Calculate g(3).
48
Let h(m) be the first derivative of -7/24*m**4 + 42 - 1/60*m**5 + 33/2*m**2 + 0*m + 0*m**3. Let g(o) be the second derivative of h(o). Determine g(-6).
6
Let a be -12*(-8)/12*10/(-20). Let g(p) = p**3 + 7*p**2 - 6. Calculate g(a).
42
Suppose 2*r - 699 + 673 = -2*j, 5*j + 4*r - 57 = 0. Let b(t) = -14*t + 15. Determine b(j).
-55
Let a(g) = 2 - 3*g**2 + 2*g + 3*g - g**3 - 8*g - 3*g**3 + 5*g**3. Let k be 3 - (-5 + 3 - -1). Give a(k).
6
Let i(y) be the second derivative of 3*y**5/10 + y**4/6 - y**2/2 - 3*y. Let g(w) = -3763*w - 7527. Let q be g(-2). Determine i(q).
-5
Let j(u) = u**2 + u + 9. Let s(t) = -16*t**2 - t + 25. Let l(w) = 3*j(w) - s(w). What is l(-2)?
70
Let u(k) = 27*k**2 - 18*k - 112. Let w(t) = -7*t**2 - t. Let o(s) = -u(s) - 4*w(s). Determine o(-10).
-8
Let i(c) = -c**2 + 19*c - 21. Let p(q) = -q + 33. Let j be p(9). Suppose 0 = 9*t - j*t + 270. Calculate i(t).
-3
Let b(w) = 16*w - 94. Let s be b(6). Let c(m) = -1 - s*m**3 - 13*m**2 + 10*m**2 + 4*m**3 + m + 4*m**2. Determine c(-2).
-15
Let g(q) = q**3 + 3*q**2 - 338*q + 41. Let k be g(-20). Let x(b) = -7*b + 1. Let r(v) = 7*v + 0 - 2 + 0 - v. Let s(l) = 2*r(l) + 3*x(l). Determine s(k).
-10
Suppose -7*m = -75 - 30. Let p(u) = u**2 - 3*u - m + 8 + 8. Determine p(-3).
19
Let n be 0/((-1)/((-2)/((-12)/(-3)))). Suppose -d - 5 = -n*d. Let g(m) = 4*m**2 - 3 - 5*m - 10*m**3 + 16*m**3 - 5*m**3. Determine g(d).
-3
Let y(t) = 63*t - 941. Let z be y(15). Let s(o) = o**3 - 4*o**2 + 2. Determine s(z).
2
Let w(d) = -d**2 - 27*d + 13. Let z(n) = -n**2 - 32*n + 11. Let m(i) = 6*w(i) - 5*z(i). Give m(-7).
-12
Let d(a) = -a**2 - 57*a - 55*a + 174*a - 63*a - 18*a**3. Let l = 12 - 10. Suppose 2*z - 18 = -4*o, 2*z - l*o = 6*z - 6. Give d(z).
18
Let l(g) = -g + 8. Suppose 98*n = 94*n + 904. Let d = 231 - n. What is l(d)?
3
Let j(x) be the third derivative of x**5/60 - x**4/6 - 9*x**3/2 - 7*x**2 + 207. What is j(8)?
5
Suppose 4*c - 52*q = -51*q - 116, -2*c + q = 56. Let d(f) = f**2 + 28*f - 37. Give d(c).
23
Let t(f) be the third derivative of -f**5/30 - f**4/4 + 13*f**3/6 + f**2 + 656. Calculate t(-4).
5
Let p(a) = 103*a - 106*a + 16 - 6 + 5. Determine p(15).
-30
Let c be (-9)/(-84)*-4 - 8/(-56)*-200. Let l(q) = -q**3 - 28*q**2 + 32*q + 72. What is l(c)?
-15
Suppose -3*g + 408 = 5*s, 135 = 3*s + 2*g - 110. Let y(z) = -2*z**2 - s*z - 99*z + 178*z. Let n = 1 + -3. Give y(n).
-4
Let d = 225 - -81. Suppose -5*v + j = -v - d, -2*j - 80 = -v. Let l(w) = -86*w + 170*w - v*w. Calculate l(-1).
-8
Let k(z) = -2*z**2 + 42 - z**3 + 3*z - 67 + 46 + 9*z**2. Determine k(8).
-19
Suppose 305 = -14*a + 75*a. Let x(i) = -i**2 + 4*i + 19. Determine x(a).
14
Let n(x) be the third derivative of -x**5/30 - 3*x**4/8 - 3*x**3/2 + 10*x**2 - 19*x. Calculate n(-7).
-44
Let m(c) be the third derivative of -1/60*c**5 + 47*c**2 + 5/6*c**3 + 0 + 1/3*c**4 + 0*c. Give m(7).
12
Let b = 5 - -2. Let l = 692 - 454. Let s(f) = -118 + l - 113 - 2*f. Determine s(b).
-7
Suppose -103*k + 153*k = -50. Let d(h) = 32*h**2 - 3*h - 2. Give d(k).
33
Let t(d) = -d**2 - 14*d + 8. Let h = 67 + -57. Suppose h*s - f = 7*s - 45, -5*f - 27 = 3*s. What is t(s)?
8
Suppose -14*m - 142*j + 147*j + 17 = 0, 2*j - 7 = m. Let f(u) be the third derivative of 0 + 26*u**2 + 0*u + 1/3*u**m - 1/8*u**4. What is f(4)?
-10
Let v(o) be the third derivative of -o**6/120 + o**5/30 + o**4/24 - 8*o**3/3 + 10*o**2 + o - 62. Determine v(3).
-22
Suppose 16*p + 64 = 12*p - 4*a, 0 = -4*p - 5*a - 61. Let x(h) = -6*h - 29. Determine x(p).
85
Let h(k) = 8*k - 44. Let a be h(6). Let x be (-3 - (-17)/a)*4. Let f(g) be the third derivative of -g**4/12 + 5*g**3/6 + g**2. What is f(x)?
-5
Let l = -17 - -9. Let r(j) = -156*j**3 - 14*j**3 + 0 + j + 8*j**2 - 3 - 21*j**3 + 192*j**3. What is r(l)?
-11
Let r(f) = -2*f + 5. Suppose -6*u + 2*c = -5*u - 11, -4*u + 5*c + 47 = 0. Determine r(u).
-21
Suppose 18*r - 63*r = 12 - 777. Let y(c) = -c**2 + 21*c - 97. Give y(r).
-29
Let r be (-1)/(-8) + 291/(-24). Let s be 77/22*r/7. Let h(c) = -c**2 - 6*c - 2. What is h(s)?
-2
Let x(b) = 17*b**3 + 138*b**2 - 6*b - 175. Let n be x(-8). Let d(r) be the third derivative of 17*r**6/120 - r**4/24 + r**2. What is d(n)?
16
Let o(q) = 105 + 131 + 123 + 126 - 5*q - 441. Calculate o(16).
-36
Let k(p) be the third derivative of p**5/30 - 9*p**4/8 + 13*p**3/6 - 16*p**2. Let c be k(13). Suppose -5*q + 0*q + 25 = c. Let d(l) = l**2 - 4*l. Give d(q).
5
Let t(h) = -1 + h**2 + 3 - 3*h + 9*h. Let g = 23548 - 23551. Calculate t(g).
-7
Let w(b) be the first derivative of -2*b**2 - 76 + 1/3*b**3 - 3*b. What is w(4)?
-3
Let g(y) = -35*y - 1160. Let j be g(-33). Let k(c) be the third derivative of c**4/24 - c**3/3 + 5*c**2. Give k(j).
-7
Suppose -2*g + 52 = 48. Suppose -12 = -4*j - g*z, -j - 2*z - 2*z = -10. Let i(u) = j*u + 4*u - u**2 - 3 + u - 1. What is i(5)?
6
Let k(j) = -2*j**2 - 15*j - 16. Let r(s) = -11*s**2 + 80*s - 26. Let u be r(7). Determine k(u).
9
Let j(q) be the first derivative of -q**4 + 5*q**3/3 + 5*q**2 - 2*q + 10. Let k(a) = -5*a**3 + 5*a**2 + 13*a - 2. Let r(g) = -4*j(g) + 3*k(g). Determine r(4).
-18
Suppose -3*a + 3 = -9. Suppose -110 = a*u - 6*u. Suppose 57*x - u*x = -6. Let q(b) = b**3 + 2*b**2 - 3*b - 4. Give q(x).
-4
Let a be 21/9 - 21/63. Let x(k) = k**3 + 5*k**2 + 4*k + 3. Let n be x(-4). Let p(d) = d - 18*d**2 - d**n - 14*d**2 + 34*d**2 + 1. Give p(a).
3
Let c = 4 + -4. Let v(f) be the first derivative of 12*f + 10 + 1/3*f**3 - 1/2*f**2 - 1/4*f**4. What is v(c)?
12
Let g = -42 - -44. Suppose 2*j + 1 + 1 = 3*i, g*i - 2*j = 4. Let p = i - 3. Let x(h) = h**2 + 5*h + 4. Determine x(p).
4
Let w(z) be the third derivative of -1/6*z**3 - 1/8*z**4 + 0*z - 200*z**2 + 0 + 1/4*z**5. Calculate w(-1).
17
Let y(w) = -3*w**3 + w**2 - 2. Suppose 4*k + 297 = -1287. Let x = 398 + k. Give y(x).
-22
Let m(g) = -9*g**2 - g + 2. Let a(t) be the second derivative of -7*t**4/3 - t**3/3 + 5*t**2/2 + 4*t. Let o(p) = 3*a(p) - 8*m(p). Let s = -43 + 44. Give o(s).
-11
Let l(h) = -246 + 14 - 12*h + 57 - 200 - 193. Calculate l(-48).
8
Let k(l) = 6*l - 15*l + 20 + 11*l - 1. Let h(o) = 5*o + 57. Let t(b) = -3*h(b) + 8*k(b). Calculate t(0).
-19
Suppose -2*u = 4*h, -h + 2 + 7 = 5*u. Let v be 7*(-1 + u + 1). Let s(o) = 12 + v*o - 9*o - 4*o. Determine s(-7).
5
Let j(q) be the second derivative of q**3/2 + 32*q**2 - 67*q. Let a be j(-22). Let k(r) = -4*r + r + 2 - 5 - 3*r**2. Calculate k(a).
-9
Suppose 10 = 5*v - 5*t, -7*t + 8 = 4*v - 3*t. Let z(w) = -6*w**2 + 6*w - 3. Calcula